In base 13, what is -11a2 - 7?
-11a9
In base 13, what is -35aa + -5?
-35b2
In base 2, what is -100 + 1111110111?
1111110011
In base 4, what is -11 + 20222?
20211
In base 12, what is 4 + 0?
4
In base 5, what is -1 - -4203?
4202
In base 13, what is 2a1a - -5?
2a22
In base 15, what is -5 - -26?
21
In base 13, what is -18 + -3?
-1b
In base 13, what is 535 - 9?
529
In base 6, what is 3 + 14535?
14542
In base 10, what is -107 + -12?
-119
In base 14, what is -1 - 11?
-12
In base 6, what is 3324 + 0?
3324
In base 15, what is -2 - -47?
45
In base 15, what is 7 + 1e2?
1e9
In base 8, what is -651 - 4?
-655
In base 14, what is 4 + 145?
149
In base 10, what is -2 - 1425?
-1427
In base 4, what is -230121 + 0?
-230121
In base 16, what is 4c9 + 2?
4cb
In base 6, what is -11 - -5?
-2
In base 9, what is 376 + -4?
372
In base 8, what is -5 - 10?
-15
In base 2, what is -11 - 1000011101?
-1000100000
In base 4, what is 32233 + -13?
32220
In base 12, what is 15 + -13?
2
In base 5, what is 422 + 0?
422
In base 14, what is 1 - -559?
55a
In base 9, what is 605 - -5?
611
In base 4, what is 0 + -30?
-30
In base 12, what is -5 - -11b?
116
In base 14, what is -3 - -14d4?
14d1
In base 14, what is 3072 - 2?
3070
In base 16, what is 5 - -41?
46
In base 12, what is b - -2942?
2951
In base 7, what is -101 - 66?
-200
In base 10, what is -5 - -446?
441
In base 15, what is 4 - 18?
-14
In base 4, what is -200 - -13?
-121
In base 6, what is 5 + 233?
242
In base 16, what is 4 + -42?
-3e
In base 4, what is 10 - 11213?
-11203
In base 6, what is 4 - 14?
-10
In base 5, what is 1 - 100?
-44
In base 10, what is 12 + 373?
385
In base 10, what is -78 + 40?
-38
In base 3, what is 1010101 + 20?
1010121
In base 6, what is 114 + 5?
123
In base 15, what is 182 + -2?
180
In base 5, what is 101 - 10?
41
In base 13, what is 1 - -68c?
690
In base 4, what is -10032 + -112?
-10210
In base 5, what is -2022 - 4?
-2031
In base 11, what is 2872 + -5?
2868
In base 6, what is -2100 + 3?
-2053
In base 12, what is 197 - 1?
196
In base 9, what is 787 - 2?
785
In base 8, what is 155 - 1?
154
In base 6, what is -5000 + -5?
-5005
In base 15, what is 6 + 3e?
45
In base 5, what is 0 + 10?
10
In base 13, what is -1 + 18a?
189
In base 11, what is 1a - 16?
4
In base 8, what is 4 - 224?
-220
In base 8, what is 20 + 0?
20
In base 10, what is 20186 + 5?
20191
In base 11, what is 6 + -91?
-86
In base 12, what is 4 - 1b?
-17
In base 7, what is -16 - -6?
-10
In base 11, what is -349 - -2?
-347
In base 14, what is -a + b?
1
In base 13, what is 20 + -34?
-14
In base 13, what is -7 + 5?
-2
In base 2, what is -100 + 101?
1
In base 4, what is -12202 - -3?
-12133
In base 9, what is 151 - 3?
147
In base 14, what is 4a - 1?
49
In base 2, what is -100111010 + 100000?
-100011010
In base 3, what is -1 - 2001?
-2002
In base 8, what is 35 - -216?
253
In base 14, what is 1 - 2a?
-29
In base 10, what is -316 - -5?
-311
In base 9, what is -1 - -4812?
4811
In base 16, what is -3 + -145e?
-1461
In base 3, what is 110202 + -2?
110200
In base 10, what is -5 - -115?
110
In base 7, what is 1 + 1016?
1020
In base 3, what is 122 - 11?
111
In base 6, what is -4 + -2013?
-2021
In base 5, what is -104 + -2443?
-3102
In base 15, what is 34cd - -2?
34d0
In base 13, what is 457 + -5?
452
In base 10, what is -15672 + 2?
-15670
In base 8, what is -3407 - -16?
-3371
In base 4, what is -130 - 2?
-132
In base 6, what is 13234 - -1?
13235
In base 13, what is 7 - -2?
9
In base 2, what is -11111110111110 - -11?
-11111110111011
In base 12, what is -4 - 11?
-15
In base 8, what is -15 - 1560?
-1575
In base 10, what is -23 + 9?
-14
In base 13, what is -3 + 9?
6
In base 11, what is -37 + -4?
-40
In base 11, what is -6 - 6?
-11
In base 2, what is 10 + -11100011011?
-11100011001
In base 5, what is -2433 + -3?
-2441
In base 3, what is -101022 + 122?
-100200
In base 11, what is 27 + 1?
28
In base 9, what is -1420 + 2?
-1417
In base 5, what is -1 + -143?
-144
In base 7, what is 24045 - -4?
24052
In base 10, what is 4 - 384?
-380
In base 5, what is -10 + -134?
-144
In base 4, what is -2 + -1312?
-1320
In base 2, what is -11110 - -11?
-11011
In base 3, what is 21 - 121210?
-121112
In base 15, what is 2b4 + -8?
2ab
In base 7, what is 2 - 1?
1
In base 12, what is 5 + -264?
-25b
In base 3, what is 110 - -2212?
10022
In base 2, what is 111110110011 - -101?
111110111000
In base 8, what is -5 - 26?
-33
In base 14, what is 3b + -10?
2b
In base 6, what is -235 - 5?
-244
In base 7, what is 10222 - 3?
10216
In base 11, what is aa - -1?
100
In base 14, what is 20 - 9?
15
In base 8, what is 4 + -2330?
-2324
In base 5, what is -3 - 42?
-100
In base 3, what is 22112 + 200?
100012
In base 6, what is -4 + -4030?
-4034
In base 9, what is -3 - 55?
-58
In base 15, what is 154 - 4?
150
In base 9, what is 18 + 55?
74
In base 15, what is -5 - 39b?
-3a1
In base 11, what is 635 + -1?
634
In base 7, what is -5 + -1?
-6
In base 4, what is -1213323 - -2?
-1213321
In base 2, what is -100 + 1000000001?
111111101
In base 15, what is -54 - b?
-60
In base 10, what is 10 - 42?
-32
In base 12, what is 1 - 56?
-55
In base 15, what is -1ba + -13?
-1cd
In base 9, what is 62 - -4?
66
In base 16, what is -4 - -e1f?
e1b
In base 9, what is 4 - -106?
111
In base 5, what is -14 - -231?
212
In base 8, what is 137 - -13?
152
In base 7, what is -5 + -350?
-355
In base 5, what is 3314 + -1?
3313
In base 6, what is -1 - -1040?
1035
In base 2, what is -1 - 110100010?
-110100011
In base 13, what is 2 + 47?
49
In base 3, what is -12210 - 1000?
-20210
In base 13, what is -147 - 10?
-157
In base 2, what is -1 - 1101?
-1110
In base 11, what is -12 - 25?
-37
In base 7, what is 3 + -5526?
-5523
In base 5, what is 142 - 10?
132
In base 12, what is 4 + 2a4?
2a8
In base 15, what is 54 + 0?
54
In base 11, what is 1390 - 3?
1388
In base 9, what is -76 - -4?
-72
In base 6, what is -15 - 21?
-40
In base 12, what is -791 + -3?
-794
In base 16, what is -9 - 6a?
-73
In base 4, what is -1 - 1?
-2
In base 8, what is 3 - -3626?
3631
In base 11, what is 1384 - 17?
1368
In base 10, what is -6 - 246?
-252
In base 14, what is c3 + 8?
cb
In base 13, what is 1c30 + 1?
1c31
In base 11, what is 220 + 1?
221
In base 12, what is -301 + 0?
-301
In base 13, what is 6b + -166?
-c8
In base 16, what is -5 + 331?
32c
In base 4, what is 1 - -1232?
1233
In base 15, what is 489 + -3?
486
In base 14, what is -3 - -170?
16b
In base 10, what is 4 - 121?
-117
In base 5, what is 0 - 11?
-11
In base 16, what is -175e + 0?
-175e
In base 2, what is -100 + 100100?
100000
In base 8, what is 12 + -2?
10
In base 15, what is 56 + 4?
5a
In base 7, what is -41 + 3?
-35
In base 15, what is d54 + -4?
d50
In base 13, what is 23b - 3?
238
In base 3, what is -100 - 1102?
-1202
In base 16, what is -362c + -2?
-362e
In base 12, what is 3 + -20b?
-208
In base 16, what is 1612 - 0?
1612
In base 2, what is -1011000 + -10?
-1011010
In base 13, what is 0 + 2a?
2a
In base 9, what is -172 + -20?
-202
In base 15, what is 0 - 1295?
-1295
In base 2, what is -10111101100011 + 100?
-10111101011111
In base 13, what is 8 - 417?
-40c
In base 6, what is 322 - -15?
341
In base 13, what is 2 + 12a?
12c
In base 2, what is -10000010 - -1101?
-1110101
In base 5, what is 4011 - -42?
4103
In base 11, what is 4 - 18?
-14
In base 7, what is 3 - -10365?
10401
In base 16, what is -5 - 13?
-18
In base 11, what is -4 + -43?
-47
In base 14, what is 12 - 1b?
-9
In base 8, what is 17107 + -4?
17103
In base 3, what is 10201 + 11?
10212
In base 6, what is 132 + 0?
132
In base 11, what is -4 + 103?
aa
In base 15, what is -1 - -c5?
c4
In base 16, what is 3 + 5c5?
5c8
In base 12, what is -1090 + -4?
-1094
In base 15, what is e - 2e?
-20
In base 14, what is 2 - aa3?
-aa1
In base 10, what is 290 - 3?
287
In base 8, what is -201 - -1?
-200
In base 5, what is 310 + 12?
322
In base 15, what is 3b9b - 4?
3b97
In base 6, what is 1254 + -11?
1243
In base 13, what is 1c4 + 4?
1c8
In base 6, what is 224 + -3?
221
In base 12, what is -1 + -8b7?
-8b8
In base 9, what is -10 - 63?
-73
In base 4, what is 12 - 21110?
-21032
In base 4, what is 1130 - -2?
1132
In base 16, what is 2 - b1b?
-b19
In base 11, what is 52 - -54?
a6
In base 10, what is 5 - -312?
317
In base 7, what is 3 - -1025?
1031
In base 16, what is 0 - 332?
-332
In 